).
-3
Calculate -3 - (-13 - -4) - (4 + -1).
3
(-8 - -20) + (0 - 9)
3
What is -16 + 13 - (1 - 3)?
-1
What is 4 + -9 - -3 - -6?
4
0 + (4 - 2) + -2 + 6
6
-5 - (-8 - (9 - 6))
6
What is the value of -18 - (-1 + (6 - 12)) - -2?
-9
What is 11 + -7 - (4 - -2) - 0?
-2
What is -4 - (2 + 0 + -4 + -1)?
-1
What is -1 + 6 + 9 + -8?
6
Calculate -2 + -12 - (27 + -35).
-6
9 + 9 + -4 + -9 + -9
-4
Evaluate 9 + 4 - (7 - (5 - 5)).
6
Evaluate -17 - (-18 + 1) - (1 + 4).
-5
14 - (24 + -15 + 2)
3
What is 9 + 7 + (-8 - 1)?
7
-2 + -2 - -1 - (-7 + 4)
0
What is -4 + (1 + 1 - -5)?
3
What is 0 - (9 + (5 + 1 - 11))?
-4
Calculate -7 - (1 + 0 - 6).
-2
What is -1 - -8 - (-95 + 97)?
5
1 + ((0 - 0) + 1 - 2)
0
Calculate -5 + (6 - (3 + 2)).
-4
What is (-10 - 0) + -12 + 30 + -13?
-5
Calculate 6 + 0 + (-7 + 10 - 2).
7
Evaluate 5 - (3 - (2 - -1)) - 1.
4
Evaluate -4 + 1 + (2 - 4) + 4.
-1
What is the value of -5 + 0 + 13 + -7?
1
What is the value of -6 - ((2 - -2) + -2 + -4)?
-4
1 - 11 - (-78 - -64)
4
What is (-2 - (-1 - 1)) + -4?
-4
Evaluate -10 - 0 - (1 + 10 + -16).
-5
1 + 7 - (57 - 49)
0
What is -5 + (-3 - -4) - (-2 - 5)?
3
What is -4 + (14 - 0) + -5 - 4?
1
What is the value of -2 - (-2 + 2 + -4)?
2
What is the value of 0 + 0 - 2 - (-3 - 1)?
2
Evaluate -2 + 0 - (8 - (10 + -4)).
-4
Evaluate 3 + -1 + 4 + (-5 - 4).
-3
Evaluate -7 - ((0 - 0) + (1 - 3)).
-5
What is -9 - (1 - (-5 - (5 - 14)))?
-6
What is -6 + (50 - 41 - (-1 + 1))?
3
What is the value of (-2 - (2 - 6)) + 0 + 2?
4
1 - (-1 - (0 - 0))
2
What is (5 - 3) + -3 + -1 + -1?
-3
What is 3 - (3 - (-5 - 0 - -5))?
0
What is the value of -8 - (0 + -5 - 0)?
-3
Evaluate 4 - (-2 - (3 - 13) - 0).
-4
-4 - (-2 - (1 - 1)) - -1
-1
Calculate (4 + -5 - 0) + (-5 - -1).
-5
Evaluate 3 - ((7 - 10) + 9).
-3
What is -8 + (12 - 4) + (1 - -1)?
2
Evaluate -5 + (2 - 1) - (3 - 2).
-5
What is the value of 8 - 6 - (5 + 0)?
-3
Calculate 1 + -1 - (16 + -12).
-4
What is -8 + 5 + (-3 - -1)?
-5
Calculate (-5 - -2) + (2 - -3) + 2.
4
What is the value of -4 + 2 - -7 - (-37 + 36)?
6
Calculate -5 - (-13 + (7 - 2)).
3
Calculate -5 + 1 + -5 + -7 + 15.
-1
What is (1 + 2 - (-16 - -20)) + 2?
1
(-3 - 2) + 0 - (65 - 62)
-8
What is the value of (-3 - 0) + (-7 - -11)?
1
What is (1 + -2 - -4 - 7) + 9?
5
What is (-4 - 4) + (10 - 7) + 9?
4
6 + (4 - -2 - 18)
-6
Calculate -1 + 2 - (-5 + 12).
-6
(11 - 0) + -9 - (6 - 0)
-4
What is (1 - 0) + -10 + 0 - -5?
-4
-1 + 1 + (15 - 11) - 0
4
Calculate -4 - (-4 - 7) - (-15 - -30).
-8
8 + (-11 - (-17 + 4))
10
-10 - (3 - 15) - 13
-11
What is 7 + -10 + -1 + 3?
-1
Calculate 2 + (-2 + 5 - 3 - -3).
5
What is -8 + (0 - (-1 + -2))?
-5
Evaluate 19 + -19 - (-8 + 1).
7
Calculate -6 - (1 + -10 + 7).
-4
3 - (6 + 0 + -4) - 5
-4
Calculate -9 - (0 - 23 - -9).
5
What is the value of 13 + -5 + (-1 + -1 - 2)?
4
Evaluate -7 + 7 + 8 + -4.
4
Evaluate 1 + 0 + (-1 - 0) + 3.
3
Evaluate 0 - (-3 - 4) - 4.
3
Calculate (-12 - -11) + 1 + -2.
-2
What is the value of 0 + (3 - -3) + -12 - -8?
2
0 + 3 - ((0 - -4) + -1)
0
What is 0 + (-2 - -7) - (14 - 6)?
-3
What is 5 - (-5 - 0 - -8)?
2
What is the value of 0 - 10 - (-5 + -1)?
-4
What is the value of 0 + -3 + 6 + 1?
4
Calculate 0 + -6 - (2 + -10).
2
Calculate 5 - ((-6 - -2) + 6).
3
What is -6 - ((-2 + 8 - 3) + -6)?
-3
What is 6 - 1 - 3 - 0?
2
Evaluate -1 - 8 - (-97 + 91).
-3
2 - ((-4 - 0) + 11)
-5
Evaluate -1 + -4 + 5 + -16 + 13.
-3
Calculate 26 + -31 - (-8 + -2 - -2).
3
Calculate 6 + -5 + (-4 - (-5 - -1)).
1
(3 + 0 - -1 - 6) + 4
2
Evaluate -2 - (3 + (5 - 5)).
-5
Evaluate 0 - (-7 + 5 + -1).
3
Evaluate 0 + (3 - 7) + 1.
-3
Calculate (4 - 3) + 8 + (-12 - -6).
3
Calculate (6 - -9) + -4 + -6.
5
Calculate -1 + 1 + (3 - 3) + 2.
2
Calculate 0 + (0 - -1 - -4).
5
What is -2 + -6 - -4 - (-3 + 1)?
-2
(5 - (-1 - -15)) + (4 - 0)
-5
Evaluate 14 + (4 + -10 - 6).
2
What is 1 - (0 + -3) - (0 + 0)?
4
-10 - -6 - -5 - 2
-1
Calculate 5 + -2 + -5 + 9.
7
Calculate -1 - (1 + 5) - -2.
-5
What is the value of (-22 - -15) + (4 - 1)?
-4
What is the value of -8 + 12 + (2 - 2) + 6?
10
Evaluate (-1 - 4) + (1 - (5 + -6)).
-3
What is the value of 0 + -6 + -16 + 19?
-3
What is (-6 - -6) + 0 + (-9 - -4)?
-5
(4 - 0 - -1) + -12 - -3
-4
-4 - ((4 - 0) + (-14 - -10))
-4
Calculate (3 - 6) + -31 + 30.
-4
Calculate 110 + -115 + 1 + 0 + 2.
-2
What is the value of 1 + 3 + -1 + (1 - 1)?
3
-6 + (1 - -1) + -1 + 5
0
-2 + (3 - (1 + 0 - 0))
0
-3 + 3 + -4 + -1
-5
What is 0 + -3 + 6 - 5?
-2
6 - 2 - 2 - (-30 + 30)
2
Evaluate -1 + (5 - (-4 - -6)).
2
What is (4 - -2) + (-48 - -44)?
2
What is 2 - (-1 - (-5 + 8 + -12))?
-6
Evaluate -2 + -9 + (-4 - -15).
0
Evaluate -4 + 16 + -17 + 1 + 8.
4
What is -1 + (1 - 4) - -9?
5
Calculate -14 + 14 + 4 - (-1 + 7).
-2
What is 13 + -18 - (1 + -1 + 2)?
-7
What is the value of (1 - (2 - 4)) + (-64 - -60)?
-1
What is 178 + -178 - (1 + 3 + 1)?
-5
(-1 - 1) + -4 + -4 + 10
0
Calculate -4 - (3 - 3) - (5 + 2).
-11
What is -1 + (-1 - ((-4 - -4) + -3))?
1
What is 4 - -1 - 1 - 2?
2
1 + (3 - 2 - 2) - 4
-4
What is -3 + (0 + -2 - -13)?
8
Calculate (3 - (2 + 2)) + (-1 - 2).
-4
Calculate (2 - -4) + -6 - -6.
6
Calculate (1 + 6 - (-1 - 0)) + -3.
5
What is -43 + 43 - (-3 + 1)?
2
What is the value of (4 - 3) + -11 + 4?
-6
Calculate 4 + -5 + (2 - -1).
2
Evaluate (-1 - (3 + -9)) + -12.
-7
Evaluate 16 - 1 - (101 - 92).
6
(-4 - -1) + (-2 - -7) + -2
0
What is -34 - -35 - (2 - 5)?
4
What is the value of 1 - 3 - (2 - 10) - 11?
-5
What is (4 - (22 - 11)) + (7 - -1)?
1
What is 5 - (6 + -3 + 1)?
1
What is 6 + (7 - 14) - (0 - 0)?
-1
Evaluate 0 + -12 - (-2 + -9).
-1
Calculate 10 + (-2 - 6) - 4.
-2
What is the value of -4 + 2 + (1 - 0)?
-1
What is (4 - (-5 - (-6 + -1))) + -2?
0
Evaluate -5 - -5 - (-4 + 0).
4
-7 - -1 - (-48 + 40)
2
Evaluate 4 + -9 + 11 - 10.
-4
Calculate (3 - -2) + (12 - 14) + -12.
-9
Calculate (-6 - (-6 + 7)) + -1 + 2.
-6
-2 + (-6 - (5 - 12)) - -1
0
What is (-4 + 5 - -5) + -17 + 1?
-10
(7 - (-5 - -10)) + (-2 - -2)
2
Calculate 2 + (-14 - -1) - (-10 - -6).
-7
Evaluate -13 + (21 - (23 - 11)).
-4
Evaluate 2 - 4 - (-2 - -4 - 6).
2
What is (11 - 0) + -16 + (0 - -5)?
0
Calculate -1 - -4 - (-19 - -28).
-6
Evaluate 8 - (-3 + (-6 - (-7 - 1))).
9
What is (10 - (-11 + 18)) + -12?
-9
Evaluate (-3 - -2) + (-3 - -8) + -3.
1
Evaluate -1 - -4 - (10 + -11).
4
What is (12 - 9) + 0 + 0 + 0?
3
-7 - (-1 + -9 + 8)
-5
What is the value of -8 + ((-2 - 1) + 1 - -5)?
-5
1 - (1 + 1) - (-4 - -5)
-2
7 + 1 + -5 + -7
-4
What is the value of 4 + -2 + -2 - 5?
-5
Calculate 15 + 3 + (2 - 13).
7
What is 11 - 12 - (1 - 0)?
-2
Calculate -2 + (-4 - (0 + (-2 - 4))).
0
Evaluate -6 + -3 + 13 + -7.
-3
Calculate 11 + -13 - (-1 + 5).
-6
Evaluate -4 + 2 + -6 + (5 - 0).
-3
What is the value of 1 + 15 + -17 + (0 - -4)?
3
What is the value of (-3 - 3) + 25 + -7 + -6?
6
Calculate (-12 - 5) + 7 + 8.
-2
What is the value of 6 - 9 - -6 - (9 + 1)?
-7
Evaluate -3 + -4 + (0 - -6).
-1
What is the value of (-2 - -3) + -2 + (11 - 16)?
-6
-6 - (-4 - (0 - 2))
-4
-4 + 3 + (-3 - (3 + -3))
-4
What is the value of 1 + 6 + 0 + (11 - 13)?
5
Evaluate 21 - 30 - (-1 + -3 + 1).
-6
What is 3 - (-4 - (0 - (6 + -6)))?
7
What is (4 - 3 - 1) + 3 + -2?
1
Calculate (0 - 0) + 3 + -4.
-1
3 + -1 + 0 + -11 + 13
4
What is 1 - (2 - 1) - 3?
-3
What is the value of (-4 - (-4 - -5)) + 2?
-3
What is (-10 + 0 - -6) + 0 + -1?
-5
1 + 1 + -1 + (-24 - -24)
1
What is 5 + -7 + (11 - 10)?
-1
3 + (0 + 1 - -5) + -11
-2
Calculate -2 + (1 - (-3 + 3 - -2)).
-3
Calculate 0 - (-2 + 1) - -5.
6
What is -3 - (8 + -16 + 8)?
-3
What is 5 + 3 + (-6 - 2)?
0
Calculate (-33 - -30) + (-1 - -9).
5
8 - 4 - (-1 + 6 - -3)
-4
What is (-2 - 0) + 19 + -6 + -6?
5
(3 - -2) + -6 - 5 - -1
-5
-4 + -1 + 1 + 14 + -5
5
(1 + 9 - 7) + 5
8
(-9 - (-5 + -17)) + -12
1
Calculate 9 + -9 + 4 + 1.
5
What is the value of -1 - (8 - (2 + 5))?
-2
What is -2 + 5 + 4 - 5?
2
Calculate 3 + (-19 + 4 - -7).
-5
(-6 - (-4 - (3 + -7))) + 2
-4
Evaluate -5 + 5 + 3 - 8.
-5
Evaluate -3 + 9 + (8 - 18).
-4
19 + -15 - (-1 + 10)
-5
-1 + 8 + -8 + (-2 - 0)
-3
What is -2 + 8 - (5 + (-5 - -2))?
4
What is (2 - (-2 + 8) - -4) + 0?
0
What is the value of -10 + -5 + 7 + 5?
-3
-4 + 5 + (1 - 1 - 3)
-2
Calculate -2 + 2 + (5 - 10).
-5
What is the value of -6 + (-1 - (-9 + 0))?
2
What is the value of 3 - (12 + 6 + (4 - 10))?
-9
4 - (4 - -3) - -4
1
What is 2 - (5 - (0 - (-2 - -4)))?
-5
Evaluate 3 - (4 - 5) - 6.
-2
Calculate (0 - -8) + 